 6*w(t). Let j be b(-5). Let x = j - 10. List the prime factors of x.
3
Suppose i = -0*i. Suppose 3*k - 59 - 31 = i. What are the prime factors of k?
2, 3, 5
Let b = 2 - -7. Let j be -18*((-30)/b - -3). Suppose -35 = 2*z - j*z + n, 0 = 2*z + 5*n - 23. List the prime factors of z.
3
Suppose 4*j - 2 = 10. Suppose 0 = -j*a - 0*a + 54. List the prime factors of a.
2, 3
Let k(o) = 5*o + 17. Let g(a) = -a + 1. Let r(j) = 4*g(j) + k(j). What are the prime factors of r(-5)?
2
Let p be (2 - 6 - -2) + 7. Suppose 0 = -2*l + p + 1. What are the prime factors of l?
3
Suppose 2*c = -4*r - 3*c + 1504, 0 = r + 2*c - 379. List the prime factors of r.
7, 53
Suppose c + 3*m - 131 = 0, -c - m - 3*m + 133 = 0. List the prime factors of c.
5
List the prime factors of (-4 - 0) + 1 + 37.
2, 17
Let p be 1*(-5 - -3)*-10. Let b = p - 7. What are the prime factors of b?
13
Suppose -3*q - 5 = 3*f - 2, -22 = 2*f - 3*q. Let t be 22/f + 4/10. Let y(l) = -l**3 - 2*l**2 + 4*l - 5. List the prime factors of y(t).
11
Let v = 33 + -20. Suppose -36 = -f + v. What are the prime factors of f?
7
Let w be (-14)/(-4) - (-1)/(-2). Suppose -w*c - 4*r = -1, -r + 8 = 4*c - 2. Suppose 4 = 4*d - c*d. List the prime factors of d.
2
Let a = 10 + -7. Let u = 2 - a. List the prime factors of (1 - u)*(-3 - -13).
2, 5
Let h = -30 - -49. Let t be -5 - (5 + -2 + 0). Let c = h + t. List the prime factors of c.
11
Let f(y) = y**3 + 15*y**2 + 13*y. What are the prime factors of f(-14)?
2, 7
Suppose -107*j + 195 = -102*j. List the prime factors of j.
3, 13
Suppose 22 = -2*g + 4*h, h = -0*g - g - 26. Let t = 69 + g. What are the prime factors of t?
2, 3
Let w(q) = 10*q - 11. List the prime factors of w(5).
3, 13
Suppose -20 = 2*i + 44. Let j = 53 + i. List the prime factors of j.
3, 7
Let k(x) = 3*x**2. Let d be k(-7). What are the prime factors of d/6 - (-4)/8?
5
Let t be 1/(3/(-6) - -1). Suppose i + t*i - 9 = 0. List the prime factors of (-2 + 1)/(i/(-21)).
7
Let h be 20/(-12) - 4/(-6). Let s be h*((2 - 0) + -2). Suppose 3*c = -w + 14, -c + 2 - 3 = s. List the prime factors of w.
17
Let g(n) = -n**3 - 6*n**2 + 7*n - 2. Let r be g(-7). Let l = 2 - r. Let p(q) = -q**2 + 5*q. What are the prime factors of p(l)?
2
Let k be (2 - 3)/((-4)/16). Suppose k*g + 8 - 24 = 0. Let u(b) = b**3 - 5*b**2 + 6*b - 3. List the prime factors of u(g).
5
Let n be (-2)/8 + (-570)/24. Let a = -8 - n. What are the prime factors of a?
2
Let p = 0 - -15. Let h be (p/2 - -2)*2. Let j = 27 - h. List the prime factors of j.
2
Let h be -3*(1 - (-24)/(-9)). Let d(r) = -r**3 + 6*r**2 - 5*r - 1. Let s be d(h). What are the prime factors of s*16/(6/(-3))?
2
Let k = -25 - -22. Suppose g - 4*d - 6 = -2*d, 2*g + 5*d - 12 = 0. List the prime factors of ((-9)/6)/(k/g).
3
Suppose 5*c - 150 = -5*i - 0*i, -147 = -5*i - 4*c. What are the prime factors of i?
3
List the prime factors of (9/3)/(6/92).
2, 23
Suppose 12*t + 820 = 16*t. List the prime factors of t.
5, 41
Let c(s) = -s + 1. Let v be (-4)/6 + 11/3. Let q be c(v). List the prime factors of 0*q/(-2) + 10.
2, 5
Suppose 5*g + 4 = 6*g. Suppose 0 = f - g. What are the prime factors of f?
2
Let h(x) = x - 2. Suppose 0 = 5*a - n - 21, 3*a = 4*a + 3*n - 17. Suppose -4*w + 4*b + 10 = -26, 0 = -5*b - a. List the prime factors of h(w).
2, 3
Let v(t) = -t**2 + 26*t - 10. Let y(x) = x**2 - 13*x + 5. Let i(s) = -3*v(s) - 5*y(s). List the prime factors of i(-6).
11
Let y(u) = 5*u - 39. Let p(l) = -3*l + 26. Let f(g) = 8*p(g) + 5*y(g). List the prime factors of f(-10).
3
Let n(a) = 130*a**2 + 3*a - 2. What are the prime factors of n(1)?
131
Let q = -19 - -33. Let k(v) = -v**3 + 14*v**2 + v + 1. What are the prime factors of k(q)?
3, 5
Let u = -61 + 134. List the prime factors of u.
73
Let m be (-12)/(-18) - (-16)/(-6). What are the prime factors of 1 + m*(-3 + 2)?
3
Suppose a = 6*a - 40. List the prime factors of a.
2
Let o(p) = -p**3 - 11*p**2 - 4*p + 2. Let t be o(-11). Suppose -2*w + t = 28. What are the prime factors of w?
3
Let o(c) = -c**3 + c**2 + 2*c + 16. Let z be o(0). Suppose -9*y - z = -10*y. List the prime factors of y.
2
Let m(v) = -v**3 + 3*v**2 + 5*v + 5. Let l be m(5). Let y = 2 + -4. What are the prime factors of (y/4)/(2/l)?
5
Suppose -2*k + 3*s = -15, 4*k + 4*s - 34 = 26. Let n = k + 1. What are the prime factors of n?
13
Let s = 37 + -27. List the prime factors of s.
2, 5
Let y(x) = 0 + 0 - 2 + 2*x + 3. What are the prime factors of y(4)?
3
Let i(t) = -t**3 + 8*t**2 - 4*t + 6. List the prime factors of i(7).
3
Let o be (-3 + 0)*4/(-6). Suppose 0 = -o*a + 2*d + 32, -a + 9 + 9 = -2*d. List the prime factors of ((-119)/a)/(2/(-4)).
17
Let j be (6/9)/((-4)/66). Let g = j + 25. List the prime factors of g.
2, 7
Let j(d) = 31*d**2 + 4*d - 3. What are the prime factors of j(2)?
3, 43
Suppose -3*p = 5*t + 4, 5*p + 6*t = 3*t - 12. Let m be (p/(-9))/((-3)/(-18)). Suppose -2*k - 2*l = -m, -3*l - 8 = -5*k - 5*l. What are the prime factors of k?
2
Let b(v) = -4*v - 3. Suppose 5*m = 10, -4*a + 6 = -m - 0. Suppose a = -3*d - 7. What are the prime factors of b(d)?
3
Suppose s = 3 + 11. Suppose 3*y - y = s. List the prime factors of y.
7
Let h = 5 - 3. Suppose 5*y - 8 = -2*c, 0 = -h*c - 3 + 1. Suppose 5*z - 2*w - 2*w = 45, -3*z = y*w - 5. List the prime factors of z.
5
Let d(y) = -24*y - 51. List the prime factors of d(-7).
3, 13
Let q = 96 - 36. List the prime factors of q.
2, 3, 5
Let c = 108 + -75. Let l(d) = -d**2 + d - 23. Let s be l(0). Let y = s + c. What are the prime factors of y?
2, 5
Suppose 3*i - 4*h - 316 = 0, -682 = -5*i - 2*h - 138. What are the prime factors of i?
2, 3
Let n = 36 + 12. List the prime factors of n.
2, 3
Let m = 1 - 3. Let d be 2 - (m/2 - -1). Suppose d*j - j - 6 = 0. What are the prime factors of j?
2, 3
Suppose -6 - 9 = -a - 2*t, -3*t = -3*a + 54. Suppose 5*i = 3*r - 21, -r + 6*i = i - a. Suppose -20 = -r*y - 0*y. What are the prime factors of y?
2, 5
Let q(p) = -p**3 + p**2 - p + 34. What are the prime factors of q(0)?
2, 17
Suppose -3*a + 12*a = 945. List the prime factors of a.
3, 5, 7
Let z be (-10)/4*(-1406)/19. Suppose -2*f = 3*f - z. List the prime factors of f.
37
Suppose 3*v + 47 = 173. List the prime factors of v.
2, 3, 7
Suppose -3*m - 2*p = 5, 4*p - p = -12. What are the prime factors of (-2 - -13) + m + -2?
2, 5
Let a(f) = f**3 + 12*f**2 + 10*f - 18. List the prime factors of a(-10).
2, 41
Suppose -4*b = -10*b + 204. List the prime factors of b.
2, 17
Let s be 1/2 + 9/(-2). Let t(d) = 2*d**2 + 2*d + 3. List the prime factors of t(s).
3
Suppose 2*m = -3*q - 15, 0 = m - 4*m + 9. Let x(v) = -v**2 - v - 1. Let t(b) = -3*b**2 - 5*b + 6. Let c(l) = -t(l) + 2*x(l). What are the prime factors of c(q)?
2, 5
Suppose -42 - 52 = -4*w + 5*k, 3*k = -6. What are the prime factors of w?
3, 7
Suppose 4*f = 404 - 72. Let r = -53 + f. What are the prime factors of r?
2, 3, 5
Suppose -a = 3*a - 4. Let v(l) = -1. Let j(g) = -5*g + 4. Let s(o) = a*j(o) + 3*v(o). What are the prime factors of s(-1)?
2, 3
Suppose 18 + 12 = 5*i - 5*f, 5*f = -15. Let p(b) = -2*b - 2. Let d be p(-1). List the prime factors of (i/(-6) + d)*-14.
7
Suppose -2*l = 3*v - 7, 2*l = -3*v - 2*v + 17. What are the prime factors of 424/12 + l/12?
5, 7
Suppose -z = -v + 4*z + 4, 5*z - 15 = 0. Suppose -1 = -2*c - v. What are the prime factors of ((-6)/c)/(1/15)?
2, 5
Suppose y + 10 = 3*y. Let w be (2/y)/((-4)/(-520)). Suppose 5*n = n + w. List the prime factors of n.
13
Let p be (16/6)/((-4)/(-6)). Suppose -p*u + 165 = u. Suppose u - 88 = -5*a. List the prime factors of a.
11
Let s(h) = h**3 + 8*h**2 - 11*h - 4. Let k be s(-9). Let x = k - -16. What are the prime factors of x?
2, 3, 5
Let r = -312 - -480. What are the prime factors of r?
2, 3, 7
Let m = 15 - 11. Suppose 2*u + m*l - 23 = -l, -9 = -u - 2*l. Let q(a) = -10*a + 1. List the prime factors of q(u).
11
Let x be (1 + 3 - -1) + -1. Suppose 6*q + c = 3*q - 40, -x = c. What are the prime factors of -1 + (-3 + q)/(-1)?
2, 7
Let a(g) = -6*g + 1. List the prime factors of a(-4).
5
Suppose -s - s + 16 = 0. What are the prime factors of s?
2
Let c(k) be the first derivative of k**2 - 5*k + 3. Suppose 0 = -3*l + 8*l + i - 39, l = 5*i + 13. List the prime factors of c(l).
11
Suppose -15*z + 360 = -12*z. What are the prime factors of z?
2, 3, 5
Suppose 0 = 5*